{"id":7,"date":"2023-11-28T20:29:54","date_gmt":"2023-11-28T20:29:54","guid":{"rendered":"https:\/\/www.miyatoptan.com\/?page_id=7"},"modified":"2023-12-24T12:39:51","modified_gmt":"2023-12-24T12:39:51","slug":"sepet","status":"publish","type":"page","link":"https:\/\/www.miyatoptan.com\/?page_id=7","title":{"rendered":"Sepet"},"content":{"rendered":"<div data-block-name=\"woocommerce\/cart\" class=\"wp-block-woocommerce-cart alignwide is-loading wc-block-cart\"><div data-block-name=\"woocommerce\/filled-cart-block\" class=\"wp-block-woocommerce-filled-cart-block\"><div data-block-name=\"woocommerce\/cart-items-block\" class=\"wp-block-woocommerce-cart-items-block\"><div data-block-name=\"woocommerce\/cart-line-items-block\" class=\"wp-block-woocommerce-cart-line-items-block\"><\/div>\n\n<div data-block-name=\"woocommerce\/cart-cross-sells-block\" class=\"wp-block-woocommerce-cart-cross-sells-block\">\n<h2 class=\"wp-block-heading has-large-font-size\">\u0130lginizi \u00e7ekebilir\u2026<\/h2>\n\n\n<div data-block-name=\"woocommerce\/cart-cross-sells-products-block\" class=\"wp-block-woocommerce-cart-cross-sells-products-block\"><\/div><\/div><\/div>\n\n<div data-block-name=\"woocommerce\/cart-totals-block\" class=\"wp-block-woocommerce-cart-totals-block\"><div data-block-name=\"woocommerce\/cart-order-summary-block\" class=\"wp-block-woocommerce-cart-order-summary-block\"><div data-block-name=\"woocommerce\/cart-order-summary-heading-block\" data-content=\"Sepet toplamlar\u0131\" class=\"wp-block-woocommerce-cart-order-summary-heading-block\"><\/div>\n\n<div data-block-name=\"woocommerce\/cart-order-summary-coupon-form-block\" class=\"wp-block-woocommerce-cart-order-summary-coupon-form-block\"><\/div>\n\n<div data-block-name=\"woocommerce\/cart-order-summary-subtotal-block\" class=\"wp-block-woocommerce-cart-order-summary-subtotal-block\"><\/div>\n\n<div data-block-name=\"woocommerce\/cart-order-summary-fee-block\" class=\"wp-block-woocommerce-cart-order-summary-fee-block\"><\/div>\n\n<div data-block-name=\"woocommerce\/cart-order-summary-discount-block\" class=\"wp-block-woocommerce-cart-order-summary-discount-block\"><\/div>\n\n<div data-block-name=\"woocommerce\/cart-order-summary-shipping-block\" class=\"wp-block-woocommerce-cart-order-summary-shipping-block\"><\/div>\n\n<div data-block-name=\"woocommerce\/cart-order-summary-taxes-block\" class=\"wp-block-woocommerce-cart-order-summary-taxes-block\"><\/div><\/div>\n\n<div data-block-name=\"woocommerce\/cart-express-payment-block\" class=\"wp-block-woocommerce-cart-express-payment-block\"><\/div>\n\n<div data-block-name=\"woocommerce\/proceed-to-checkout-block\" class=\"wp-block-woocommerce-proceed-to-checkout-block\"><\/div>\n\n<div data-block-name=\"woocommerce\/cart-accepted-payment-methods-block\" class=\"wp-block-woocommerce-cart-accepted-payment-methods-block\"><\/div><\/div><\/div>\n\n<div data-block-name=\"woocommerce\/empty-cart-block\" class=\"wp-block-woocommerce-empty-cart-block\">\n<h2 class=\"wp-block-heading has-text-align-center with-empty-cart-icon wc-block-cart__empty-cart__title\">Sepetiniz \u015fu anda bo\u015f!<\/h2>\n\n\n\n<p class=\"has-text-align-center\"><a href=\"https:\/\/www.miyatoptan.com\/?page_id=6\">Ma\u011fazaya g\u00f6zat<\/a><\/p>\n\n\n\n<hr class=\"wp-block-separator has-alpha-channel-opacity is-style-dots\"\/>\n\n\n\n<h2 class=\"wp-block-heading has-text-align-center\">Ma\u011fazada yeni<\/h2>\n\n\n<div data-block-name=\"woocommerce\/product-new\" data-columns=\"4\" data-rows=\"1\" class=\"wc-block-grid wp-block-product-new wc-block-product-new has-4-columns\"><ul class=\"wc-block-grid__products\"><li class=\"wc-block-grid__product\">\n\t\t\t\t<a href=\"https:\/\/www.miyatoptan.com\/?product=nk-dalgic-k-ceket-tayt-takim-lila-6li-fiyati\" class=\"wc-block-grid__product-link\">\n\t\t\t\t\t\n\t\t\t\t\t<div class=\"wc-block-grid__product-image\"><img loading=\"lazy\" decoding=\"async\" width=\"300\" height=\"300\" src=\"https:\/\/www.miyatoptan.com\/wp-content\/uploads\/2023\/12\/Nk-dalgic-takim-lila-1-300x300.jpg\" class=\"attachment-woocommerce_thumbnail size-woocommerce_thumbnail\" alt=\"Nk Dalg\u0131\u00e7 K. Ceket Tayt Tak\u0131m Lila (6&#039;l\u0131 Fiyat\u0131)\" srcset=\"https:\/\/www.miyatoptan.com\/wp-content\/uploads\/2023\/12\/Nk-dalgic-takim-lila-1-300x300.jpg 300w, https:\/\/www.miyatoptan.com\/wp-content\/uploads\/2023\/12\/Nk-dalgic-takim-lila-1-150x150.jpg 150w, https:\/\/www.miyatoptan.com\/wp-content\/uploads\/2023\/12\/Nk-dalgic-takim-lila-1-100x100.jpg 100w\" sizes=\"auto, (max-width: 300px) 100vw, 300px\" \/><\/div>\n\t\t\t\t\t<div class=\"wc-block-grid__product-title\">Nk Dalg\u0131\u00e7 K. Ceket Tayt Tak\u0131m Lila (6&#8217;l\u0131 Fiyat\u0131)<\/div>\n\t\t\t\t<\/a>\n\t\t\t\t<div class=\"wc-block-grid__product-price price\"><span class=\"woocommerce-Price-amount amount\"><span class=\"woocommerce-Price-currencySymbol\">&#8378;<\/span>2.100,00<\/span><\/div>\n\t\t\t\t\n\t\t\t\t<div class=\"wp-block-button wc-block-grid__product-add-to-cart\"><a href=\"https:\/\/www.miyatoptan.com\/?product=nk-dalgic-k-ceket-tayt-takim-lila-6li-fiyati\" aria-label=\"Read more about &ldquo;Nk Dalg\u0131\u00e7 K. Ceket Tayt Tak\u0131m Lila (6&#039;l\u0131 Fiyat\u0131)&rdquo;\" data-quantity=\"1\" data-product_id=\"234\" data-product_sku=\"\" data-price=\"2100\" rel=\"nofollow\" class=\"wp-block-button__link  add_to_cart_button\">Read more<\/a><\/div>\n\t\t\t<\/li><li class=\"wc-block-grid__product\">\n\t\t\t\t<a href=\"https:\/\/www.miyatoptan.com\/?product=nk-dalgic-k-ceket-tayt-takim-mavi-6li-fiyati\" class=\"wc-block-grid__product-link\">\n\t\t\t\t\t\n\t\t\t\t\t<div class=\"wc-block-grid__product-image\"><img loading=\"lazy\" decoding=\"async\" width=\"300\" height=\"300\" src=\"https:\/\/www.miyatoptan.com\/wp-content\/uploads\/2023\/12\/Nk-dalgic-takim-mavi-300x300.jpg\" class=\"attachment-woocommerce_thumbnail size-woocommerce_thumbnail\" alt=\"Nk Dalg\u0131\u00e7 K. Ceket Tayt Tak\u0131m Mavi (6&#039;l\u0131 Fiyat\u0131)\" srcset=\"https:\/\/www.miyatoptan.com\/wp-content\/uploads\/2023\/12\/Nk-dalgic-takim-mavi-300x300.jpg 300w, https:\/\/www.miyatoptan.com\/wp-content\/uploads\/2023\/12\/Nk-dalgic-takim-mavi-150x150.jpg 150w, https:\/\/www.miyatoptan.com\/wp-content\/uploads\/2023\/12\/Nk-dalgic-takim-mavi-100x100.jpg 100w\" sizes=\"auto, (max-width: 300px) 100vw, 300px\" \/><\/div>\n\t\t\t\t\t<div class=\"wc-block-grid__product-title\">Nk Dalg\u0131\u00e7 K. Ceket Tayt Tak\u0131m Mavi (6&#8217;l\u0131 Fiyat\u0131)<\/div>\n\t\t\t\t<\/a>\n\t\t\t\t<div class=\"wc-block-grid__product-price price\"><span class=\"woocommerce-Price-amount amount\"><span class=\"woocommerce-Price-currencySymbol\">&#8378;<\/span>2.100,00<\/span><\/div>\n\t\t\t\t\n\t\t\t\t<div class=\"wp-block-button wc-block-grid__product-add-to-cart\"><a href=\"https:\/\/www.miyatoptan.com\/?product=nk-dalgic-k-ceket-tayt-takim-mavi-6li-fiyati\" aria-label=\"Read more about &ldquo;Nk Dalg\u0131\u00e7 K. Ceket Tayt Tak\u0131m Mavi (6&#039;l\u0131 Fiyat\u0131)&rdquo;\" data-quantity=\"1\" data-product_id=\"232\" data-product_sku=\"\" data-price=\"2100\" rel=\"nofollow\" class=\"wp-block-button__link  add_to_cart_button\">Read more<\/a><\/div>\n\t\t\t<\/li><li class=\"wc-block-grid__product\">\n\t\t\t\t<a href=\"https:\/\/www.miyatoptan.com\/?product=nk-dalgic-k-ceket-tayt-takim-beyaz-6li-fiyati\" class=\"wc-block-grid__product-link\">\n\t\t\t\t\t\n\t\t\t\t\t<div class=\"wc-block-grid__product-image\"><img loading=\"lazy\" decoding=\"async\" width=\"300\" height=\"300\" src=\"https:\/\/www.miyatoptan.com\/wp-content\/uploads\/2023\/12\/Nk-dalgic-takim-beyaz-1-300x300.jpg\" class=\"attachment-woocommerce_thumbnail size-woocommerce_thumbnail\" alt=\"Nk Dalg\u0131\u00e7 K. Ceket Tayt Tak\u0131m Beyaz (6&#039;l\u0131 Fiyat\u0131)\" srcset=\"https:\/\/www.miyatoptan.com\/wp-content\/uploads\/2023\/12\/Nk-dalgic-takim-beyaz-1-300x300.jpg 300w, https:\/\/www.miyatoptan.com\/wp-content\/uploads\/2023\/12\/Nk-dalgic-takim-beyaz-1-150x150.jpg 150w, https:\/\/www.miyatoptan.com\/wp-content\/uploads\/2023\/12\/Nk-dalgic-takim-beyaz-1-100x100.jpg 100w\" sizes=\"auto, (max-width: 300px) 100vw, 300px\" \/><\/div>\n\t\t\t\t\t<div class=\"wc-block-grid__product-title\">Nk Dalg\u0131\u00e7 K. Ceket Tayt Tak\u0131m Beyaz (6&#8217;l\u0131 Fiyat\u0131)<\/div>\n\t\t\t\t<\/a>\n\t\t\t\t<div class=\"wc-block-grid__product-price price\"><span class=\"woocommerce-Price-amount amount\"><span class=\"woocommerce-Price-currencySymbol\">&#8378;<\/span>2.100,00<\/span><\/div>\n\t\t\t\t\n\t\t\t\t<div class=\"wp-block-button wc-block-grid__product-add-to-cart\"><a href=\"https:\/\/www.miyatoptan.com\/?product=nk-dalgic-k-ceket-tayt-takim-beyaz-6li-fiyati\" aria-label=\"Read more about &ldquo;Nk Dalg\u0131\u00e7 K. Ceket Tayt Tak\u0131m Beyaz (6&#039;l\u0131 Fiyat\u0131)&rdquo;\" data-quantity=\"1\" data-product_id=\"230\" data-product_sku=\"\" data-price=\"2100\" rel=\"nofollow\" class=\"wp-block-button__link  add_to_cart_button\">Read more<\/a><\/div>\n\t\t\t<\/li><li class=\"wc-block-grid__product\">\n\t\t\t\t<a href=\"https:\/\/www.miyatoptan.com\/?product=nk-dalgic-k-ceket-tayt-takim-yesil-6li-fiyati\" class=\"wc-block-grid__product-link\">\n\t\t\t\t\t\n\t\t\t\t\t<div class=\"wc-block-grid__product-image\"><img loading=\"lazy\" decoding=\"async\" width=\"300\" height=\"300\" src=\"https:\/\/www.miyatoptan.com\/wp-content\/uploads\/2023\/12\/Nk-dalgic-takim-yesil-1-300x300.jpg\" class=\"attachment-woocommerce_thumbnail size-woocommerce_thumbnail\" alt=\"Nk Dalg\u0131\u00e7 K. Ceket Tayt Tak\u0131m Ye\u015fil (6&#039;l\u0131 Fiyat\u0131)\" srcset=\"https:\/\/www.miyatoptan.com\/wp-content\/uploads\/2023\/12\/Nk-dalgic-takim-yesil-1-300x300.jpg 300w, https:\/\/www.miyatoptan.com\/wp-content\/uploads\/2023\/12\/Nk-dalgic-takim-yesil-1-150x150.jpg 150w, https:\/\/www.miyatoptan.com\/wp-content\/uploads\/2023\/12\/Nk-dalgic-takim-yesil-1-100x100.jpg 100w\" sizes=\"auto, (max-width: 300px) 100vw, 300px\" \/><\/div>\n\t\t\t\t\t<div class=\"wc-block-grid__product-title\">Nk Dalg\u0131\u00e7 K. Ceket Tayt Tak\u0131m Ye\u015fil (6&#8217;l\u0131 Fiyat\u0131)<\/div>\n\t\t\t\t<\/a>\n\t\t\t\t<div class=\"wc-block-grid__product-price price\"><span class=\"woocommerce-Price-amount amount\"><span class=\"woocommerce-Price-currencySymbol\">&#8378;<\/span>2.100,00<\/span><\/div>\n\t\t\t\t\n\t\t\t\t<div class=\"wp-block-button wc-block-grid__product-add-to-cart\"><a href=\"https:\/\/www.miyatoptan.com\/?product=nk-dalgic-k-ceket-tayt-takim-yesil-6li-fiyati\" aria-label=\"Read more about &ldquo;Nk Dalg\u0131\u00e7 K. Ceket Tayt Tak\u0131m Ye\u015fil (6&#039;l\u0131 Fiyat\u0131)&rdquo;\" data-quantity=\"1\" data-product_id=\"226\" data-product_sku=\"\" data-price=\"2100\" rel=\"nofollow\" class=\"wp-block-button__link  add_to_cart_button\">Read more<\/a><\/div>\n\t\t\t<\/li><\/ul><\/div><\/div><\/div>","protected":false},"excerpt":{"rendered":"","protected":false},"author":1,"featured_media":0,"parent":0,"menu_order":0,"comment_status":"closed","ping_status":"closed","template":"","meta":{"footnotes":""},"class_list":["post-7","page","type-page","status-publish","hentry"],"_links":{"self":[{"href":"https:\/\/www.miyatoptan.com\/index.php?rest_route=\/wp\/v2\/pages\/7","targetHints":{"allow":["GET"]}}],"collection":[{"href":"https:\/\/www.miyatoptan.com\/index.php?rest_route=\/wp\/v2\/pages"}],"about":[{"href":"https:\/\/www.miyatoptan.com\/index.php?rest_route=\/wp\/v2\/types\/page"}],"author":[{"embeddable":true,"href":"https:\/\/www.miyatoptan.com\/index.php?rest_route=\/wp\/v2\/users\/1"}],"replies":[{"embeddable":true,"href":"https:\/\/www.miyatoptan.com\/index.php?rest_route=%2Fwp%2Fv2%2Fcomments&post=7"}],"version-history":[{"count":1,"href":"https:\/\/www.miyatoptan.com\/index.php?rest_route=\/wp\/v2\/pages\/7\/revisions"}],"predecessor-version":[{"id":258,"href":"https:\/\/www.miyatoptan.com\/index.php?rest_route=\/wp\/v2\/pages\/7\/revisions\/258"}],"wp:attachment":[{"href":"https:\/\/www.miyatoptan.com\/index.php?rest_route=%2Fwp%2Fv2%2Fmedia&parent=7"}],"curies":[{"name":"wp","href":"https:\/\/api.w.org\/{rel}","templated":true}]}}